[INFO] cloning repository https://github.com/storyfeet/card_printer
[INFO] running `Command { std: "git" "-c" "credential.helper=" "-c" "credential.helper=/workspace/cargo-home/bin/git-credential-null" "clone" "--bare" "https://github.com/storyfeet/card_printer" "/workspace/cache/git-repos/https%3A%2F%2Fgithub.com%2Fstoryfeet%2Fcard_printer", kill_on_drop: false }`
[INFO] [stderr] Cloning into bare repository '/workspace/cache/git-repos/https%3A%2F%2Fgithub.com%2Fstoryfeet%2Fcard_printer'...
[INFO] running `Command { std: "git" "rev-parse" "HEAD", kill_on_drop: false }`
[INFO] [stdout] b80820e2deba5c5e4666680e0c2af74a4f37cf81
[INFO] checking storyfeet/card_printer against master#af3c6e733a40e671550e0f0f5aeecaa13772ba56 for pr-74989
[INFO] running `Command { std: "git" "clone" "/workspace/cache/git-repos/https%3A%2F%2Fgithub.com%2Fstoryfeet%2Fcard_printer" "/workspace/builds/worker-12/source", kill_on_drop: false }`
[INFO] [stderr] Cloning into '/workspace/builds/worker-12/source'...
[INFO] [stderr] done.
[INFO] validating manifest of git repo https://github.com/storyfeet/card_printer on toolchain af3c6e733a40e671550e0f0f5aeecaa13772ba56
[INFO] running `Command { std: "/workspace/cargo-home/bin/cargo" "+af3c6e733a40e671550e0f0f5aeecaa13772ba56" "read-manifest" "--manifest-path" "Cargo.toml", kill_on_drop: false }`
[INFO] started tweaking git repo https://github.com/storyfeet/card_printer
[INFO] removed path dependency lazy_conf from git repo https://github.com/storyfeet/card_printer
[INFO] removed path dependency mksvg from git repo https://github.com/storyfeet/card_printer
[INFO] finished tweaking git repo https://github.com/storyfeet/card_printer
[INFO] tweaked toml for git repo https://github.com/storyfeet/card_printer written to /workspace/builds/worker-12/source/Cargo.toml
[INFO] crate git repo https://github.com/storyfeet/card_printer already has a lockfile, it will not be regenerated
[INFO] running `Command { std: "/workspace/cargo-home/bin/cargo" "+af3c6e733a40e671550e0f0f5aeecaa13772ba56" "fetch" "--locked" "--manifest-path" "Cargo.toml", kill_on_drop: false }`
[INFO] [stderr] warning: dependency (lazy_conf) specified without providing a local path, Git repository, or version to use. This will be considered an error in future versions
[INFO] [stderr] warning: dependency (mksvg) specified without providing a local path, Git repository, or version to use. This will be considered an error in future versions
[INFO] [stderr]     Updating crates.io index
[INFO] [stderr] error: the lock file /workspace/builds/worker-12/source/Cargo.lock needs to be updated but --locked was passed to prevent this
[INFO] [stderr] If you want to try to generate the lock file without accessing the network, use the --offline flag.
[INFO] the lockfile is outdated, regenerating it
[INFO] running `Command { std: "/workspace/cargo-home/bin/cargo" "+af3c6e733a40e671550e0f0f5aeecaa13772ba56" "generate-lockfile" "--manifest-path" "Cargo.toml" "-Zno-index-update", kill_on_drop: false }`
[INFO] running `Command { std: "/workspace/cargo-home/bin/cargo" "+af3c6e733a40e671550e0f0f5aeecaa13772ba56" "fetch" "--locked" "--manifest-path" "Cargo.toml", kill_on_drop: false }`
[INFO] [stderr] warning: dependency (lazy_conf) specified without providing a local path, Git repository, or version to use. This will be considered an error in future versions
[INFO] [stderr] warning: dependency (mksvg) specified without providing a local path, Git repository, or version to use. This will be considered an error in future versions
[INFO] running `Command { std: "docker" "create" "-v" "/var/lib/crater-agent-workspace/builds/worker-12/target:/opt/rustwide/target:rw,Z" "-v" "/var/lib/crater-agent-workspace/builds/worker-12/source:/opt/rustwide/workdir:ro,Z" "-v" "/var/lib/crater-agent-workspace/cargo-home:/opt/rustwide/cargo-home:ro,Z" "-v" "/var/lib/crater-agent-workspace/rustup-home:/opt/rustwide/rustup-home:ro,Z" "-e" "SOURCE_DIR=/opt/rustwide/workdir" "-e" "CARGO_TARGET_DIR=/opt/rustwide/target" "-e" "CARGO_HOME=/opt/rustwide/cargo-home" "-e" "RUSTUP_HOME=/opt/rustwide/rustup-home" "-w" "/opt/rustwide/workdir" "-m" "1610612736" "--user" "0:0" "--network" "none" "rustops/crates-build-env@sha256:d92eaeed33fa75130ca1ee6c8a01d1ffb62bac859dfdfb3450e3e5d1c0146529" "/opt/rustwide/cargo-home/bin/cargo" "+af3c6e733a40e671550e0f0f5aeecaa13772ba56" "metadata" "--no-deps" "--format-version=1", kill_on_drop: false }`
[INFO] [stdout] 00373b4bcb0a15c5718afa196563f5a8a13102545c95ad2304489f76b93e7670
[INFO] [stderr] WARNING: Your kernel does not support swap limit capabilities or the cgroup is not mounted. Memory limited without swap.
[INFO] running `Command { std: "docker" "start" "-a" "00373b4bcb0a15c5718afa196563f5a8a13102545c95ad2304489f76b93e7670", kill_on_drop: false }`
[INFO] running `Command { std: "docker" "inspect" "00373b4bcb0a15c5718afa196563f5a8a13102545c95ad2304489f76b93e7670", kill_on_drop: false }`
[INFO] running `Command { std: "docker" "rm" "-f" "00373b4bcb0a15c5718afa196563f5a8a13102545c95ad2304489f76b93e7670", kill_on_drop: false }`
[INFO] [stdout] 00373b4bcb0a15c5718afa196563f5a8a13102545c95ad2304489f76b93e7670
[INFO] running `Command { std: "docker" "create" "-v" "/var/lib/crater-agent-workspace/builds/worker-12/target:/opt/rustwide/target:rw,Z" "-v" "/var/lib/crater-agent-workspace/builds/worker-12/source:/opt/rustwide/workdir:ro,Z" "-v" "/var/lib/crater-agent-workspace/cargo-home:/opt/rustwide/cargo-home:ro,Z" "-v" "/var/lib/crater-agent-workspace/rustup-home:/opt/rustwide/rustup-home:ro,Z" "-e" "SOURCE_DIR=/opt/rustwide/workdir" "-e" "CARGO_TARGET_DIR=/opt/rustwide/target" "-e" "CARGO_INCREMENTAL=0" "-e" "RUST_BACKTRACE=full" "-e" "RUSTFLAGS=--cap-lints=forbid" "-e" "CARGO_HOME=/opt/rustwide/cargo-home" "-e" "RUSTUP_HOME=/opt/rustwide/rustup-home" "-w" "/opt/rustwide/workdir" "-m" "1610612736" "--user" "0:0" "--network" "none" "rustops/crates-build-env@sha256:d92eaeed33fa75130ca1ee6c8a01d1ffb62bac859dfdfb3450e3e5d1c0146529" "/opt/rustwide/cargo-home/bin/cargo" "+af3c6e733a40e671550e0f0f5aeecaa13772ba56" "check" "--frozen" "--all" "--all-targets" "--message-format=json", kill_on_drop: false }`
[INFO] [stdout] 6ecb48c2bc6417314d01fdd9e8721542d7fb2b87b995c54394d34fdb48add3d6
[INFO] [stderr] WARNING: Your kernel does not support swap limit capabilities or the cgroup is not mounted. Memory limited without swap.
[INFO] running `Command { std: "docker" "start" "-a" "6ecb48c2bc6417314d01fdd9e8721542d7fb2b87b995c54394d34fdb48add3d6", kill_on_drop: false }`
[INFO] [stderr] warning: dependency (lazy_conf) specified without providing a local path, Git repository, or version to use. This will be considered an error in future versions
[INFO] [stderr] warning: dependency (mksvg) specified without providing a local path, Git repository, or version to use. This will be considered an error in future versions
[INFO] [stderr]     Checking rustc-serialize v0.3.24
[INFO] [stderr]     Checking lazy_conf v0.1.1
[INFO] [stderr]    Compiling num-traits v0.2.12
[INFO] [stderr]    Compiling num-integer v0.1.43
[INFO] [stderr]     Checking rand v0.4.6
[INFO] [stderr]     Checking num-iter v0.1.41
[INFO] [stderr]     Checking num-bigint v0.1.44
[INFO] [stderr]     Checking num-complex v0.1.43
[INFO] [stderr]     Checking num-rational v0.1.42
[INFO] [stderr]     Checking num v0.1.42
[INFO] [stderr]     Checking mksvg v0.3.0
[INFO] [stderr]     Checking card_printer v0.1.0 (/opt/rustwide/workdir)
[INFO] [stdout] error[E0432]: unresolved import `mksvg::Card`
[INFO] [stdout]  --> src/main.rs:5:18
[INFO] [stdout]   |
[INFO] [stdout] 5 | use mksvg::{page,Card,SvgWrite,Args,SvgArg};
[INFO] [stdout]   |                  ^^^^ no `Card` in the root
[INFO] [stdout] 
[INFO] [stdout] 
[INFO] [stdout] error[E0425]: cannot find function `pages` in module `page`
[INFO] [stdout]   --> src/main.rs:63:15
[INFO] [stdout]    |
[INFO] [stdout] 63 |         page::pages(out_base,page::a4_height(),page::a4_width(),w,h,&cards)
[INFO] [stdout]    |               ^^^^^ not found in `page`
[INFO] [stdout] 
[INFO] [stdout] 
[INFO] [stdout] error[E0425]: cannot find function `pages_a4` in module `page`
[INFO] [stdout]   --> src/main.rs:65:15
[INFO] [stdout]    |
[INFO] [stdout] 65 |         page::pages_a4(out_base,w,h,&cards)
[INFO] [stdout]    |               ^^^^^^^^ not found in `page`
[INFO] [stdout] 
[INFO] [stdout] 
[INFO] [stdout] error: aborting due to 3 previous errors
[INFO] [stdout] 
[INFO] [stdout] 
[INFO] [stdout] Some errors have detailed explanations: E0425, E0432.
[INFO] [stdout] 
[INFO] [stdout] For more information about an error, try `rustc --explain E0425`.
[INFO] [stdout] 
[INFO] [stderr] error: could not compile `card_printer`.
[INFO] [stderr] 
[INFO] [stderr] To learn more, run the command again with --verbose.
[INFO] [stderr] warning: build failed, waiting for other jobs to finish...
[INFO] [stdout] error[E0432]: unresolved import `mksvg::Card`
[INFO] [stdout]  --> src/main.rs:5:18
[INFO] [stdout]   |
[INFO] [stdout] 5 | use mksvg::{page,Card,SvgWrite,Args,SvgArg};
[INFO] [stdout]   |                  ^^^^ no `Card` in the root
[INFO] [stdout] 
[INFO] [stdout] 
[INFO] [stdout] error[E0425]: cannot find function `pages` in module `page`
[INFO] [stdout]   --> src/main.rs:63:15
[INFO] [stdout]    |
[INFO] [stdout] 63 |         page::pages(out_base,page::a4_height(),page::a4_width(),w,h,&cards)
[INFO] [stdout]    |               ^^^^^ not found in `page`
[INFO] [stdout] 
[INFO] [stdout] 
[INFO] [stdout] error[E0425]: cannot find function `pages_a4` in module `page`
[INFO] [stdout]   --> src/main.rs:65:15
[INFO] [stdout]    |
[INFO] [stdout] 65 |         page::pages_a4(out_base,w,h,&cards)
[INFO] [stdout]    |               ^^^^^^^^ not found in `page`
[INFO] [stdout] 
[INFO] [stdout] 
[INFO] [stdout] error: aborting due to 3 previous errors
[INFO] [stdout] 
[INFO] [stdout] 
[INFO] [stdout] Some errors have detailed explanations: E0425, E0432.
[INFO] [stdout] 
[INFO] [stdout] For more information about an error, try `rustc --explain E0425`.
[INFO] [stdout] 
[INFO] [stderr] error: build failed
[INFO] running `Command { std: "docker" "inspect" "6ecb48c2bc6417314d01fdd9e8721542d7fb2b87b995c54394d34fdb48add3d6", kill_on_drop: false }`
[INFO] running `Command { std: "docker" "rm" "-f" "6ecb48c2bc6417314d01fdd9e8721542d7fb2b87b995c54394d34fdb48add3d6", kill_on_drop: false }`
[INFO] [stdout] 6ecb48c2bc6417314d01fdd9e8721542d7fb2b87b995c54394d34fdb48add3d6
